hat is 5 + -37a?
-375
In base 11, what is -5424 + -1?
-5425
In base 12, what is 4 + 66?
6a
In base 16, what is -4 - -fe?
fa
In base 13, what is 39a - 5?
395
In base 16, what is ff - 1?
fe
In base 4, what is 102 - -2?
110
In base 10, what is -2 + 57?
55
In base 6, what is 141 - -2?
143
In base 14, what is 3ba + -1?
3b9
In base 6, what is -2 + -32?
-34
In base 5, what is -3232 + -1?
-3233
In base 9, what is -30 - 33?
-63
In base 9, what is -445 + 71?
-364
In base 8, what is 57 + -6?
51
In base 13, what is b - -7ca?
808
In base 4, what is -33 + 10230?
10131
In base 16, what is -229e + -3?
-22a1
In base 16, what is 44 - -3?
47
In base 9, what is 35 - 27?
7
In base 4, what is 11 + 11?
22
In base 6, what is 120050 - 3?
120043
In base 12, what is 4 - 5?
-1
In base 8, what is -412 - -4?
-406
In base 4, what is 133303 - 0?
133303
In base 11, what is -325 - 0?
-325
In base 9, what is 1 - 144?
-143
In base 6, what is 1232 + 31?
1303
In base 2, what is -10101000010 + 1?
-10101000001
In base 6, what is 424 - -10?
434
In base 2, what is -10 - -101001001111?
101001001101
In base 3, what is -2010 + -102?
-2112
In base 12, what is -4 + -2a?
-32
In base 6, what is -3330 + 5?
-3321
In base 15, what is -5 + -a9?
-ae
In base 15, what is 3 + eb?
ee
In base 10, what is 0 - 27?
-27
In base 5, what is -213 - -14?
-144
In base 9, what is 13 - 1?
12
In base 13, what is ac2 + -3?
abc
In base 16, what is -ef + -2f?
-11e
In base 14, what is c - -b?
19
In base 7, what is -3 + -232?
-235
In base 3, what is 1101200 - -11?
1101211
In base 6, what is 3215 - -2?
3221
In base 10, what is 377 - -4?
381
In base 9, what is 5 + 724?
730
In base 7, what is 2 + 333?
335
In base 7, what is 11 - -400?
411
In base 7, what is 16 - -201?
220
In base 13, what is 1339 + -1?
1338
In base 11, what is -532 + -5?
-537
In base 2, what is -101 - -100000?
11011
In base 7, what is -4 + -1162?
-1166
In base 3, what is 102 + 1222?
2101
In base 7, what is -211 + -1?
-212
In base 9, what is -341 + 4?
-336
In base 10, what is 4 - -3109?
3113
In base 11, what is 1614 - -2?
1616
In base 14, what is 124 + 5?
129
In base 7, what is 11 - 34?
-23
In base 7, what is -2 + -206?
-211
In base 14, what is -347 + a?
-33b
In base 9, what is -10 + 24?
14
In base 4, what is -11 - 110011?
-110022
In base 16, what is -e - -f?
1
In base 15, what is -1 + a17?
a16
In base 5, what is -42 + -1011?
-1103
In base 5, what is -134 + -1?
-140
In base 11, what is a - -a?
19
In base 2, what is 1111 + 1010111?
1100110
In base 11, what is 3 + 1235?
1238
In base 15, what is -2 + 115?
113
In base 16, what is -9 + -2a?
-33
In base 15, what is -4 + -1c0?
-1c4
In base 4, what is -321 - -22?
-233
In base 11, what is -1395 + -1?
-1396
In base 14, what is 9a + -31?
69
In base 3, what is 2 + 211022?
211101
In base 15, what is -1e - a1?
-c0
In base 5, what is -134322 - -3?
-134314
In base 7, what is 14 + -405?
-361
In base 7, what is -210164 - -5?
-210156
In base 11, what is 1 - 4?
-3
In base 6, what is 12 + 11?
23
In base 12, what is 2 - 3b?
-39
In base 12, what is a - -26?
34
In base 3, what is -1 + 1010102?
1010101
In base 8, what is 7057 - 1?
7056
In base 14, what is 48 + 6?
50
In base 3, what is -12110 + -12?
-12122
In base 11, what is -221 + -2?
-223
In base 2, what is 101 + 11100100000?
11100100101
In base 12, what is 0 + 45?
45
In base 6, what is -5 + 13234?
13225
In base 10, what is 15 + -11?
4
In base 15, what is 29c + 13?
2b0
In base 12, what is -26 + a?
-18
In base 14, what is 0 - 1c?
-1c
In base 7, what is -30 + 52?
22
In base 13, what is 116 - -2?
118
In base 11, what is 1 + -3?
-2
In base 13, what is 10 - 16a?
-15a
In base 7, what is 3 + -3036?
-3033
In base 14, what is 30 + -79?
-49
In base 4, what is -2 + 10021?
10013
In base 15, what is -6c8 + 0?
-6c8
In base 5, what is -2 - -4?
2
In base 16, what is 2 + ae3?
ae5
In base 15, what is 5 + da?
e0
In base 11, what is -9 + 5?
-4
In base 6, what is -21323 + 3?
-21320
In base 11, what is -11093 - 1?
-11094
In base 13, what is -3 - 3?
-6
In base 3, what is 20221 - -12?
21010
In base 15, what is 25 - 4?
21
In base 8, what is -21512 - -5?
-21505
In base 15, what is -64 + -4?
-68
In base 15, what is -c03 - -2?
-c01
In base 7, what is 6 - -205?
214
In base 5, what is -4 - 3130?
-3134
In base 4, what is -30231 + -11?
-30302
In base 13, what is -39 + 0?
-39
In base 5, what is 430224 - -2?
430231
In base 13, what is 3 - -c?
12
In base 4, what is -3 + -21221?
-21230
In base 13, what is a + -12?
-5
In base 8, what is -6 - 17720?
-17726
In base 6, what is -5 + 1544?
1535
In base 3, what is 2111 - -111?
2222
In base 9, what is 4 - 206?
-202
In base 8, what is 4 - -35?
41
In base 14, what is -d2 - -2?
-d0
In base 10, what is 428 - -1?
429
In base 9, what is 5 + 26?
32
In base 12, what is 4 + -361?
-359
In base 15, what is -10 + -27?
-37
In base 5, what is -42221 + 3?
-42213
In base 12, what is 17 - 9b?
-84
In base 8, what is -101 + 11?
-70
In base 9, what is 4 + 670?
674
In base 12, what is 29b - 3?
298
In base 8, what is -1 + -2220?
-2221
In base 11, what is -4 + a42?
a39
In base 15, what is -1 + -37?
-38
In base 6, what is 141 + 1141?
1322
In base 13, what is 1a + -273?
-256
In base 12, what is -120 + -125?
-245
In base 16, what is -2 - -27?
25
In base 11, what is -5 + 87?
82
In base 4, what is 31 - -120?
211
In base 12, what is -3 + 1713?
1710
In base 13, what is -1a + -7?
-24
In base 6, what is 215241 - -1?
215242
In base 4, what is 11 + 3113?
3130
In base 5, what is 1134 + -4?
1130
In base 16, what is -6 - -32?
2c
In base 7, what is -50 - 12?
-62
In base 15, what is -5 - -7?
2
In base 6, what is -1022 - 5?
-1031
In base 10, what is 0 - 603?
-603
In base 11, what is 69 + 10?
79
In base 10, what is 1 - -41?
42
In base 2, what is 1101001 - -1001?
1110010
In base 4, what is -21 - -2031?
2010
In base 15, what is 0 - -16?
16
In base 12, what is 8 - 1246?
-123a
In base 16, what is 239 + 2?
23b
In base 13, what is 4 + 31?
35
In base 8, what is -3 + 640?
635
In base 5, what is 1334 - 31?
1303
In base 8, what is 266 + 4?
272
In base 10, what is 9 + 2574?
2583
In base 11, what is -1 + 780?
77a
In base 4, what is 10321 + -32?
10223
In base 13, what is 343 - 3?
340
In base 3, what is -112 + -112?
-1001
In base 12, what is 4466 + 5?
446b
In base 4, what is 210213 + 1?
210220
In base 12, what is a - -13?
21
In base 13, what is -9034 + -1?
-9035
In base 5, what is 24410 + 0?
24410
In base 3, what is 0 + -210?
-210
In base 13, what is -4 + 1a?
16
In base 12, what is 4 + -258?
-254
In base 3, what is -1 + 1220?
1212
In base 5, what is 12000 + 0?
12000
In base 12, what is 2 + -3779?
-3777
In base 11, what is 0 + -10?
-10
In base 11, what is 1 - 1108?
-1107
In base 10, what is 105 - 62?
43
In base 2, what is 100110110 + 11110?
101010100
In base 6, what is 1 + -100?
-55
In base 2, what is 10001100110100 + -1?
10001100110011
In base 8, what is -2 + -1444?
-1446
In base 6, what is -105 - -214?
105
In base 5, what is 3 - -123411?
123414
In base 8, what is -72 + -3?
-75
In base 15, what is -1641 + -5?
-1646
In base 9, what is 15 - -8?
24
In base 2, what is -101 - -101001011000?
101001010011
In base 7, what is 662 + -1?
661
In base 5, what is -12 - 331?
-343
In base 12, what is 22 - -1a?
40
In base 2, what is 1100110001 + 101?
1100110110
In base 11, what is -27 + -25?
-51
In base 3, what is 10021 - 1?
10020
In base 16, what is 4 - 131?
-12d
In base 13, what is -412 + -7?
-419
In base 3, what is -21 - -1021?
1000
In base 14, what is -2 - -1938?
1936
In base 12, what is 5 - -3684?
3689
In base 4, what is 302 - -1?
303
In base 6, what is -304 + 212?
-52
In base 15, what is -2 - -27a3?
27a1
In base 14, what is 5d0 + 5?
5d5
In base 10, what is 8 - -4?
12
In base 12, what is 2 - 119?
-117
In base 11, what is -1 + 62?
61
In base 8, what is -235 - -2?
-233
In base 8, what is -1 + -116?
-117
In base 15, what is 2c + 1?
2d
In base 10, what is -14 - 2?
-16
In base 6, what is -243 - -5?
-234
In base 4, what is -111110 + 10?
-111100
In base 11, what is -322 - -3?
-31a
In base 14, what is -36 + -1?
-37
In base 16, what is -30 - f5?
-125
In base 16, what is 3 + -2da?
-2d7
In base 6, what is 1213 + -1?
1212
In base 8, what is 2 + 35?
37
In base 8, what is -3 - 62?
-65
In base 9, what is 73 - 120?
-36
In base 7, what is 36 - 10?
